311. What is the highest common divisor of l and m?
1
Let v(w) be the first derivative of -w**3/3 + 33*w**2/2 - 63*w - 191. Let i be v(26). Calculate the highest common divisor of i and 21.
7
Let v(m) = 54*m - 1730. Let w be v(33). What is the greatest common factor of 6 and w?
2
Suppose -3*b = 22 - 127. Suppose -k + 159 = -5*w, 4*k - 2*w - 3*w - 651 = 0. Let v = 178 - k. Calculate the highest common factor of b and v.
7
Let r(i) = 9*i - 181. Let d be r(23). Suppose -3*k + 2*u = -20, -6*k + 2*u + d = -2*k. Suppose -7 = -w + 5. What is the greatest common divisor of k and w?
6
Suppose -5*c = -k - 5, -c = 4*c + 5*k + 25. Let m be 48*(c - 15/(-20)). Let r be ((-12)/(-7))/(m/378). Calculate the highest common divisor of r and 63.
9
Suppose 0 = 5*x - 2*o - 808, 5*o - 15 - 314 = -2*x. What is the highest common factor of x and 846?
18
Let k(h) = 2*h**2 - 11*h - 100. Let j be k(14). What is the greatest common factor of j and 8487?
69
Let n = 139154 + -139148. Let c(g) = 19*g**2 + 3. Let a be c(-3). Calculate the greatest common divisor of a and n.
6
Suppose 10*r = 19*r - 36. Suppose 423 = 4*l - 4*k + 55, -l + 95 = -r*k. Calculate the highest common divisor of 7 and l.
7
Let t be (-3)/(-6)*8*-1. Let z be (-882)/10*(4 - (t + 13)). Calculate the highest common divisor of 126 and z.
63
Suppose -104 - 112 = -9*j. Suppose 23*k - 6 = j*k. Let g(u) = -2*u**2 - 12*u + 12. Let c be g(k). What is the greatest common divisor of c and 24?
12
Let m(w) = 4*w**2 + 4*w - 16. Let u(b) = b**3 + 11*b**2 - 9*b + 39. Let p be u(-12). Let t be m(p). What is the highest common divisor of t and 144?
16
Suppose -2*i = -2*y - 184, -5*i + 8*y + 460 = 7*y. Suppose -i*q + 112*q - 7440 = 0. What is the greatest common factor of q and 24?
12
Let x be (-1 + (-1 - 232))*27/(-54). Calculate the greatest common factor of 4329 and x.
117
Suppose d + 5*j - 88 = 0, -5*d + 644 = 2*j + 135. Calculate the highest common factor of 103 and d.
103
Let m be 12 - 68/12*-147. Calculate the greatest common divisor of 2405 and m.
65
Let j = -255 - -687. Suppose -619*c + 534*c + 1374 = -666. Calculate the highest common divisor of c and j.
24
Let x(d) = d**2 - 2*d - 33. Let v be x(-6). Suppose -4*i = 5*r - 1253, -10*r - 1271 = -v*r + 2*i. What is the highest common factor of 11 and r?
11
Let w = -923 + 508. Let o = w + 705. What is the greatest common factor of o and 20?
10
Suppose -51 = p - u, 0 = 3*p + 4*u - 2*u + 143. Let s be (-9)/(-21) - 7/(p/242). What is the greatest common factor of 7 and s?
7
Let w be (115/20 + -5)/(4/4944). Calculate the highest common divisor of w and 18.
9
Suppose 5*j = 9 + 11. Suppose -4*q + 3*z - 4*z = j, -3*q = 4*z + 16. Suppose -4*p + y + 8 = -p, q = 4*y - 4. What is the greatest common divisor of 1 and p?
1
Let y = 118977 - 118964. Let l(j) = j**2 - 4*j + 5. Let f be l(4). Suppose -4*i = -f*i + 169. Calculate the greatest common factor of y and i.
13
Suppose 0 = 2*v - 5*v + 42. Let q = -111 + 208. Let y = 125 - q. What is the greatest common divisor of v and y?
14
Suppose -1112532 = 411*w - 5038404. What is the highest common factor of 72 and w?
24
Suppose 7*p - 198 = 8*p - m, 0 = -2*p + 3*m - 393. Let n = p + 205. Calculate the greatest common factor of n and 26.
2
Suppose 19*m + 17*m = 216. Suppose 2*q - 3*o - 101 = 0, -m*q + 5*q = -4*o - 48. What is the highest common factor of 65 and q?
13
Let m = 1033 + 397. Suppose 8*a + m = 10*a. Calculate the highest common divisor of 55 and a.
55
Suppose -555*u = -518*u - 148. Let h = 116 + 368. What is the greatest common factor of u and h?
4
Suppose 20*z = -17116 - 4284. Let m = -494 - z. Calculate the greatest common divisor of m and 9.
9
Let t = -336 + 348. Let j be (20/6)/((-8)/(-72)). Let u = j + -6. What is the greatest common factor of u and t?
12
Let w be -2 + 5 + 0 - (-4 - -169). Let h = w + 207. Calculate the highest common factor of h and 495.
45
Let f = -310 + 312. Suppose 3149 = f*p - 5*c, -542 = -5*p - 4*c + 7248. Calculate the highest common divisor of 22 and p.
22
Let h = -10318 - -15066. Suppose -3796 = 4*m + 3*n, -5*m + n - h = 4*n. Let l be m/(-63) - 2/18. What is the highest common factor of 3 and l?
3
Let k be -10*(-6 + 10)*(708/(-30) + 5). What is the greatest common factor of k and 3069?
93
Let o(r) = -24*r + 4*r - 18*r**2 - 17*r**2 + 44 + 33*r**2. Let g be o(-10). What is the greatest common divisor of g and 11?
11
Let r be (394 - 0) + 1/((-7 - 1)/32). Calculate the highest common divisor of 75 and r.
15
Suppose -12*g + 12 = -8*g, 2*g - 1796 = -2*k. Let h = 915 - k. What is the greatest common factor of h and 1220?
20
Let w = 1280 - 371. Suppose -2*s - 936 = -q - 3*q, 2*s + w = -5*q. Let o be ((-6)/(-4))/((-33)/s). What is the greatest common factor of 63 and o?
21
Suppose -3*q = j + 28, -j = -2*j + 4*q. Let g = -3 - j. Suppose -21*p + 33*p - 1248 = 0. What is the greatest common factor of g and p?
13
Let q be (49/14 + -4)*12 - -42. Suppose 0 = -0*y - q*y + 144. Let f = 39 + -23. Calculate the highest common factor of y and f.
4
Let b be (-212)/(-53) - (468/(-3) + 0). Suppose 0*k = -2*q - k + 20, -q + 10 = -3*k. What is the highest common factor of b and q?
10
Let z be (-1905)/(-45) - (-4)/(-3). Suppose -37*v = -z*v + 100. What is the greatest common factor of 30 and v?
5
Let t be (-6)/(-9) - (3 - (3 - 34))/(-3). Calculate the greatest common divisor of t and 31764.
12
Let o be (2 - 1)/(9/(-2133)). Let s = -97 - o. Calculate the highest common factor of 7 and s.
7
Let i = 107 + 71. Let z = 181 - i. Suppose -4*h + 6*r - r + 73 = 0, 0 = 4*h + r - 43. Calculate the highest common divisor of h and z.
3
Let r(m) = -411*m - 123. Let q be r(-1). What is the greatest common divisor of q and 234?
18
Let y(h) = h + 6. Let t be y(-4). Let s be (4053/(-49) - 4/14) + t. Let p be (-2 - -4)/((-9)/s). Calculate the greatest common factor of p and 45.
9
Suppose 3*l - 95 + 29 = 0. Suppose 17*j + 2106 = 23*j. Suppose x - 178 = -2*z, -z = -15*x + 13*x + j. What is the highest common factor of l and x?
22
Let c(b) = b + 48. Let h = -599 - -570. Let k be c(h). Calculate the highest common divisor of 304 and k.
19
Let g = -3 - -7. Let b be (18 - 3)*2320/348. What is the greatest common factor of g and b?
4
Let u be (-2 - -1)*(-5400)/27*2. What is the greatest common divisor of u and 304?
16
Let i be (-21988)/23 + 0 + 4. Let l be (-419720)/i - (-3)/((-102)/(-4)). What is the greatest common divisor of 18 and l?
9
Suppose 3*w + 3*i - 5169 = 0, 7*i = 2*w + 12*i - 3458. Calculate the highest common factor of 9 and w.
9
Suppose 0 = -18*u + 15*u - 63. Let p = u + 25. Suppose -5*q = -4*b + 87, -p*b - 53 = -5*b - 5*q. Calculate the highest common divisor of b and 112.
28
Let b(l) = l**3 - 24*l**2 + 214*l + 18. Let m be b(12). Calculate the greatest common divisor of 363 and m.
33
Let a = 4412 + -4409. Calculate the highest common factor of 753 and a.
3
Let h(k) be the second derivative of k**5/20 + 25*k**4/12 - 29*k**3/3 - 22*k**2 - 109*k. Let l be h(-27). Calculate the greatest common factor of 80 and l.
16
Let r be -4 + 0 - -8 - 4/2 - -764. What is the greatest common factor of r and 1?
1
Let a be (-3)/(-6)*(10 - 2). Suppose d - 3*d + 5*p = 660, 333 = -d + a*p. Let s be 15/6 + d/(-2). What is the greatest common divisor of 33 and s?
33
Suppose 2*u = -21 + 81. Let l be ((-126)/28)/(4/(-440)). What is the greatest common factor of u and l?
15
Suppose 7*s = 3*s - 5*m - 16, m = -5*s - 20. Let r be 8*(-10)/s*1/(-1). Let c be 10/r - 81/(-2). Calculate the greatest common factor of c and 80.
40
Let p = -11207 + 11267. Calculate the highest common divisor of p and 2630.
10
Let i be (-29 + -1)*(-54)/81. What is the greatest common factor of 570 and i?
10
Let q = 2754 + -2054. Calculate the greatest common divisor of q and 425.
25
Suppose 0 = -2*j + 4*x + 12052, 0 = -5*j + 3*x + 17459 + 12685. Suppose -6*o + 73*o - j = 0. Let c = 31 + -21. Calculate the highest common divisor of o and c.
10
Let o be (-1 - 0/(-1)) + -51. Let k = -29 - o. Let y = 197 - -10. Calculate the highest common divisor of k and y.
23
Let f = 515 - 489. Let m be (-7)/(-28) + (-726)/(-8). What is the highest common factor of f and m?
13
Let t be (-525)/6*(-48)/84. What is the greatest common factor of t and 330?
10
Suppose 5*h = -4*o + 93, -38*h - 83 = -43*h + o